x/4)/(6/(-12)). What is g(m)?
11
Let j(w) = 70*w - 430. Let n be j(6). Let c(r) = r**3 + 12*r**2 + 21*r + 15. Give c(n).
5
Let y(x) = -7*x - 1. Let q be y(-1). Let j(c) = -c**2 + 13*c - 7. Let b = 23 - 18. Let z(w) = w**2 - 14*w + 7. Let m(g) = b*j(g) + 4*z(g). Calculate m(q).
11
Suppose -31*f + 95 + 91 = 0. Let h(w) = w**3 - 6*w**2 - w - 4. What is h(f)?
-10
Let d(a) = -2*a**2 - 21*a + 2 + a**3 - 4*a**2 + a + 22*a. Determine d(6).
14
Let f(n) = -n**2 - 4*n + 5. Let c(j) = -j + 1. Let s(m) = -5*c(m) + f(m). Let u = 40 + -39. What is s(u)?
0
Let x(j) = 2*j + 1. Suppose -2*p + c + 32 = -c, 3*c = -12. Let u(z) = z**3 - 13*z**2 + 14*z - 13. Let k be u(p). Let l = k - 9. Give x(l).
5
Let f be (-10*(-1)/(-6))/((-1)/9). Suppose -2*w + 3*u + 10 = -f, 2*w - 4*u = 30. Let m(g) = g**3 - 5*g**2 - 2*g + 3. Determine m(w).
-7
Let m = 191 + -183. Let c(a) = -a**3 + 7*a**2 + 9*a - 7. What is c(m)?
1
Let y(x) = -5*x**3 + x**2 + 2*x - 3. Let q(g) = -3*g - 32. Let p be q(-12). Let v(o) = 9*o**3 - 3*o**2 - 3*o + 6. Let f(a) = p*v(a) + 7*y(a). What is f(4)?
-5
Let f(r) = -5*r - 1. Let j(q) = -q. Let o(h) = f(h) - 6*j(h). Let y be -4 - -1*(5 + 0). What is o(y)?
0
Let i(x) = -x**3 - 159*x + 2*x**3 + 9*x**2 + 319*x - 169*x + 10. What is i(-10)?
0
Suppose -3*f + 7 = l, 0 = 7*l - 9*l + 4*f - 16. Let d(t) = -t**2 - t. Give d(l).
-2
Let z(r) = 7 + 0*r - 8*r - 19 + r + 18. Calculate z(1).
-1
Suppose -5*s + 4 = -2*x + 29, -3*x + s = -31. Let y = -1 + 4. Suppose i = y*i + x. Let a(p) = -p**3 - 5*p**2 + 2*p + 6. Calculate a(i).
-4
Let g(k) be the first derivative of -k**2 + 3*k - 125. What is g(-6)?
15
Let h(g) be the second derivative of -g**4/12 - g**3/2 - 2*g**2 + 49*g. Give h(-2).
-2
Let n(z) = -z**3 - 7*z**2 - 4*z + 8. Suppose 0 = -4*y - l + 7, -6*y + 2*y + 13 = -5*l. Suppose -y*a + 5*j + 6 = 8, j + 26 = -4*a. Calculate n(a).
-4
Let s(d) = -5*d - 5 + 209*d**2 - 208*d**2 + 3 - 8 + 28*d. Calculate s(-23).
-10
Let f(p) be the third derivative of 0 + 20*p**2 + 2/3*p**3 + 0*p - 1/12*p**4. Calculate f(3).
-2
Let j(y) = y**2 - y + 2. Let p(k) = k - 5. Let f be p(11). Suppose -g = f*g. Give j(g).
2
Let i(z) = 7*z + 1. Let n(s) = -10*s - 4. Let x(a) = 2*i(a) + n(a). Determine x(-5).
-22
Suppose 3*u = 2*h + 8, -5*h - 43 = 3*u + u. Let n(g) = -g + 4. What is n(h)?
11
Let m(j) = 5*j - 50. Let g(y) = -2*y + 17. Let r = -34 + 37. Let u(k) = r*m(k) + 8*g(k). What is u(-8)?
-6
Suppose -11*f = -6*f - 735. Let c(p) = -4 + 3*p**2 + p**3 + f*p - 147*p. What is c(-3)?
-4
Let n(h) = h + 1. Let b = 7 - 3. Let u(x) = -7*x - 19. Let z(d) = 4*d + 11. Let t(a) = 3*u(a) + 5*z(a). Let j(y) = b*n(y) + 5*t(y). What is j(-4)?
-2
Suppose 2*h - 33 = -3*h - 3*a, -3*h - 4*a + 22 = 0. Suppose -4*l + h = -l. Let o(i) be the second derivative of i**4/12 - 240*i. Calculate o(l).
4
Let a(j) = 10*j + 29. Let u(p) = -9*p - 29. Let w(v) = -5*a(v) - 6*u(v). What is w(-7)?
1
Suppose 12*p - 9*p - 36 = 0. Suppose 3*o - 5 = 4*x, 2*o - p = -3*o + 3*x. Let b(r) = r**3 - 5*r**2 + 2*r - 1. Give b(o).
-13
Let n(w) = -w**2 - 5*w + 6. Suppose -19 = -4*t - 5*a, 170*t - 165*t + 4*a = 17. Determine n(t).
0
Suppose y + 5*l + 96 = 0, -4*y + 4*l = -9*y - 375. Let c = 67 + y. Let d(w) be the third derivative of -w**4/24 + 5*w**3/6 - w**2. Determine d(c).
9
Let h(n) = 4*n**2 - 21*n + 22. Let f(o) = -4*o**2 + 19*o - 20. Let y(w) = 6*f(w) + 5*h(w). What is y(5)?
-65
Suppose -12*y + 150 = -42*y. Let w(m) = -m**2 + 2*m + 4. What is w(y)?
-31
Suppose -123 = -20*m - 43. Let x(v) = 2*v - 3*v - 4 + 0*v + v**2. Give x(m).
8
Let z be ((-10)/(-6))/(2/24) - 4. Suppose 35*y - 39*y + z = 0. Let s(h) = -3*h + 4. Give s(y).
-8
Let h(i) = 2*i - 3*i + 1 - 2. Let f(k) = k + 9. Let v be f(-5). Let j(p) = -p**2 - p + 7. Let n(o) = v*h(o) + j(o). Determine n(-6).
-3
Let n(i) = -10*i + 2 + 11*i - 6*i**3 - 2. Let u be ((-4)/8 - 0)*-2. Determine n(u).
-5
Let s(l) be the third derivative of l**7/2520 + l**6/240 - 7*l**4/24 - 8*l**2. Let j(i) be the second derivative of s(i). Give j(-2).
-2
Let o(d) = 3*d**2 + 2*d. Let q = 526 - 528. What is o(q)?
8
Suppose 108*v - 106*v = 4. Let n(s) be the second derivative of -s**3/6 + s**2 - 7*s. Determine n(v).
0
Let r(o) be the first derivative of -8*o - 30 - 1/2*o**2. Calculate r(0).
-8
Let k(n) = n**2 + 5*n - 5. Suppose 130 - 146 = 4*x. Give k(x).
-9
Let w(q) = 2 - 23*q - q**3 + 33*q - 9*q. Suppose -7*f - 4 = -2*v - 4*f, -5*v + 10 = -5*f. Give w(v).
-4
Let w(f) be the third derivative of 1/24*f**4 + 0*f + 0 - 3*f**2 - 1/2*f**3. Calculate w(3).
0
Let p(s) be the second derivative of -s**5/60 + 25*s**3/6 - 19*s. Let u(o) be the second derivative of p(o). Calculate u(1).
-2
Suppose -3*k + 9*i - 4*i + 53 = 0, 5*k - 5*i - 75 = 0. Let x(h) = k*h + 9 - 7*h + 0*h - 3*h. Give x(-9).
0
Let s be (-26)/91 + (-2)/(42/15). Let l(d) be the first derivative of -d**3/3 - d**2/2 - 1. Give l(s).
0
Let n(r) = 2*r**2 - 7*r - 9. Let s(y) = -y**2 + 3*y + 4. Suppose o = 2*t + 6, 5*t - 3*o + 6 = 2*t. Let i(w) = t*n(w) - 9*s(w). Give i(-4).
12
Let t(w) = 7*w**2 + 6*w - 14. Suppose z - 2*l = -4, 2*l = 4*z + 6*l + 28. Let d(f) = -6*f**2 - 6*f + 13. Let g(u) = z*d(u) - 5*t(u). Give g(-8).
8
Let l be ((-22)/33)/((-2)/6). Let x(t) = 4*t - t**2 - 3*t - l + 0. Calculate x(0).
-2
Let a(x) = 2485 - 5*x**2 - 2490 - 7*x + 4*x**2. What is a(-7)?
-5
Let t(w) be the second derivative of 7*w**4/12 + w**2/2 + 2*w + 74. Give t(1).
8
Suppose 2*b = 3*w + 1 - 0, 2*b + 5*w - 25 = 0. Let v(l) = -l**2 + 5*l - 3. Give v(b).
-3
Let k(y) = y**3 - y**2 + y - 16. Let i(j) = 27*j + 162. Let g be i(-6). What is k(g)?
-16
Let x(r) = r**2 + 1. Let b(t) = -4*t**2 - 9*t - 5. Let a(u) = b(u) + 3*x(u). Let q be (10/4)/((-14)/28). Give a(q).
18
Let j(h) = -h**2 + 5*h + 10. Let i be (-2 + 0)/(50/(-175)). What is j(i)?
-4
Let x = 758 - 764. Let i(n) = -3*n - 4. Give i(x).
14
Suppose 14*w = 11*w - 90. Let l be (-48)/w*(-15)/(-6). Let u(b) = -b**3 + 4*b**2 - b + 2. Determine u(l).
-2
Suppose 2*r - 18 = -5*f, f + 4*f - 3*r - 23 = 0. Suppose 3*n - 2*n + 3*x - 17 = 0, f*n - 5*x = 0. Let y(k) = -2*k + 1 - 5*k + 0 + 2*k + k**2. Determine y(n).
1
Let b = -1 + 14. Let w = -11 + b. Let d(k) = w*k**2 + 8 - 6*k - 1 - 3*k**2. Determine d(-6).
7
Let r(m) = 3*m**2 - 2*m. Suppose -23*d + 75*d - 208 = 0. Determine r(d).
40
Let y(a) be the second derivative of -7/2*a**2 + 0 - 3*a - 1/6*a**3 + 1/12*a**4. Give y(0).
-7
Let s(a) = 2*a - 6. Suppose 0 = 5*r + 5*v - 6*v - 22, 5*r - 5*v - 30 = 0. Calculate s(r).
2
Let y(t) = -3*t**3 + 80*t**2 - 50*t - 49. Let d be y(26). Let c(u) = 2*u**2 - 3*u - 4. Give c(d).
5
Suppose -15 = l - 4*j, -3*l - 4*j + 23 = j. Suppose -s = 3*n - 5 - l, n = 3*s - 8. Let b(m) = -3*m + m + 3*m. Give b(s).
3
Let p(y) = -18*y - 17. Let o(q) = 19*q + 19. Let u(h) = 6*o(h) + 7*p(h). What is u(-4)?
43
Suppose -3*s + 35 = 2*s. Let f(w) = w**3 - 7*w**2 + w - 7. Let v be f(s). Let a(p) = 2*p**2 + 9 - 6*p + v*p**2 - 2 - 1. What is a(4)?
14
Let x = 1 - 1. Suppose x = -h - 2 + 10. Let i(m) = 2*m - 5. Calculate i(h).
11
Let j(p) be the first derivative of -p**4/4 - p**3 + 5*p**2/2 - p + 14. Determine j(-4).
-5
Let y(x) = 0*x**2 + 2 - x**2 - 9*x**2 - 2 - 3 + 3*x. Calculate y(2).
-37
Let z(l) = l**3 - 3*l**2 - 40*l + 4. Let c be z(8). Let g(m) = -m**2 + m. Determine g(c).
-12
Let u(f) be the third derivative of 1/3*f**4 + 0*f + 0 - 6*f**2 + 2/3*f**3 + 1/60*f**5. What is u(-6)?
-8
Let y(d) = -4*d + 2. Let s(j) = -5*j - 1. Let c be s(4). Let f be (-1)/3*(9 + c). Determine y(f).
-14
Let t(p) = -17*p - 28. Let r(f) = -3*f. Let h(g) = 6*r(g) - t(g). Calculate h(0).
28
Let a = 62 + -58. Let s(c) = c**2 - 3*c + 5. Give s(a).
9
Let d(x) = 2*x - 5*x - 9 + x**2 + 9*x - 4 + 2. Calculate d(-7).
-4
Let z = 14 + -7. Let d = z + -13. Let u(i) be the second derivative of i**4/12 + i**3 + i**2 - 45*i + 2. Determine u(d).
2
Let q(j) = -2*j**2 + 5*j + 3. Let w(m) = 3*m**2 - 5*m - 1. Let h(i) = 4*q(i) + 3*w(i). Determine h(-5).
9
Let k(r) = 11*r + 26. Let o be k(-4). Let m be -2 + o/(-10) + (-12)/15. Let u(h) = 5*h**2 + h + 1. Give u(m).
5
Let m(d) = -1 + 7*d + 7*d + 6*d - 21*d. Suppose -z - 2*z = 0. Determine m(z).
-1
Let s(m) = m - 10. Suppose -48*q = -3*g - 47*q + 23, 20 = -4*q. Determine s(g).
-4
Let c(h) = 2*h + 14. Let b be c(-6). Suppose 2*i = b*j - 42, -3*i + 81 - 18 = 4*j. Suppose -3*u + 0*u - j = 0.